{"id":10,"date":"2016-06-01T18:50:52","date_gmt":"2016-06-01T16:50:52","guid":{"rendered":"http:\/\/mingbumingbai.com\/?page_id=10"},"modified":"2016-06-08T20:57:02","modified_gmt":"2016-06-08T18:57:02","slug":"impressum","status":"publish","type":"page","link":"https:\/\/mingbumingbai.com\/?page_id=10","title":{"rendered":"Impressum"},"content":{"rendered":"<p><strong>Angaben nach \u00a7 5 TMG<\/strong><\/p>\n<p><strong>Betreiberin:<\/strong><\/p>\n<p>Dr. Antje Benedix<br \/>\nGrenzwall 51 a<br \/>\n42897 Remscheid<\/p>\n<p>e-mail: [benedixatmingbumingbai.de]<br \/>\nTelefon:+49 2191 65371<\/p>\n<p><strong>verantwortlich f\u00fcr journalistisch-redaktionelle Inhalte gem\u00e4\u00df \u00a755 II RstV:<\/strong><\/p>\n<p>Dr. Antje Benedix, Grenzwall 51 a, 42897 Remscheid<\/p>\n<p><strong>Urheberrechte:<\/strong><\/p>\n<p>Alle Rechte f\u00fcr Texte, Bilder und Grafiken liegen bei<br \/>\nDr. Antje Benedix, Grenzwall 51 a, 42897 Remscheid<\/p>\n<p><strong>Disclaimer:<\/strong><\/p>\n<p>1. Haftungsbeschr\u00e4nkung<\/p>\n<p>a) Inhalte und Rechtsbeitr\u00e4ge<\/p>\n<p>Die Inhalte dieser Internetseite werden mit gr\u00f6\u00dfter Sorgfalt recherchiert. Dennoch kann die Anbieterin keine Haftung f\u00fcr\u00a0 Vollst\u00e4ndigkeit,\u00a0Richtigkeit und Aktualit\u00e4t der bereit gestellten Informationen \u00fcbernehmen.<\/p>\n<p>b) Verf\u00fcgbarkeit<\/p>\n<p>Ich werde mich darum bem\u00fchen, diesen Dienst m\u00f6glichst unterbrechungsfrei zum Abruf zur Verf\u00fcgung zu stellen. Dennoch k\u00f6nnen trotz aller Sorgfalt Ausfallzeiten nicht ausgeschlossen werden.<\/p>\n<p>c)\u00a0 Kein Vertragsverh\u00e4ltnis<\/p>\n<p>Mit der Nutzung der angebotenen frei zug\u00e4nglichen und kostenlosen Inhalte kommt keinerlei Vertragsverh\u00e4ltnis zwischen dem Nutzer und der Anbieterin zustande.<\/p>\n<p>Sollten Sie eine Verletzung als gegeben ansehen, bittet die Anbieterin um einen Hinweis an die angegebene Adresse und darum, von kostenverursachenden Ma\u00dfnahmen abzusehen.<\/p>\n<p>2. Urheberrecht<\/p>\n<p>Alle auf dieser Website ver\u00f6ffentlichten Inhalte und Werke sind urheberrechtlich gesch\u00fctzt. Jede vom deutschen Urheberrecht nicht zugelassene Verwertung bedarf der vorherigen schriftlichen Zustimmung der Autorin. Dies gilt insbesondere f\u00fcr\u00a0 Vervielf\u00e4ltigungen, Einspeicherung, Be- und Verarbeitungen, \u00dcbersetzungen und auch die Wiedergabe von Inhalten in Datenbanken oder anderen elektronischen Medien und Systemen. Die unerlaubte Vervielf\u00e4ltigung oder Weitergabe einzelner Inhalte oder kompletter Seiten ist nicht gestattet und strafbar. Lediglich die Herstellung von Kopien und Downloads f\u00fcr den pers\u00f6nlichen, privaten, nicht-kommerziellen Gebrauch ist erlaubt.<\/p>\n<p>Links zu den Websites der Anbieterin sind jederzeit willkommen, sie bed\u00fcrfen allerdings jeweils der Zustimmung durch die Betreiberin dieser Website. Die Darstellung dieser Website in fremden Frames ist nicht zul\u00e4ssig.<\/p>\n<p>3. Datenschutz<\/p>\n<p>Die Anbieterin weist ausdr\u00fccklich darauf hin, dass jede Daten\u00fcbertragung im Internet (z.B. bei der Kommunikation per E-Mail) Sicherheitsl\u00fccken aufweisen und nicht l\u00fcckenlos vor dem Zugriff durch Dritte gesch\u00fctzt werden kann.<\/p>\n<p>Durch den Besuch der Website der Anbieterin k\u00f6nnen Informationen \u00fcber den Zugriff (Datum, Uhrzeit, betrachtete Seite) auf dem Server gespeichert werden. Diese Daten geh\u00f6ren nicht zu den personenbezogenen Daten, sondern sind anonymisiert. Sie werden ausschlie\u00dflich zu statistischen Zwecken ausgewertet. Eine Weitergabe an Dritte, zu kommerziellen oder nichtkommerziellen Zwecken, findet nicht statt.<\/p>\n<p>Die Verwendung der Kontaktdaten in diesem Impressum &#8211; insbesondere der Telefon-\/Faxnummern und E-Mailadresse &#8211; zur gewerblichen Werbung ist ausdr\u00fccklich nicht erw\u00fcnscht. Die Anbieterin widerspricht hiermit jeder kommerziellen Verwendung und Weitergabe ihrer Daten.<\/p>\n<p>4. Anwendbares Recht<\/p>\n<p>Es gilt ausschlie\u00dflich das ma\u00dfgebliche Recht der Bundesrepublik Deutschland. Diese Nutzungshinweise sind als Teil des Internetangebotes zu betrachten, von dem aus auf diese Seite verwiesen wurde.<\/p>\n","protected":false},"excerpt":{"rendered":"<p>Angaben nach \u00a7 5 TMG Betreiberin: Dr. Antje Benedix Grenzwall 51 a 42897 Remscheid e-mail: [benedixatmingbumingbai.de] Telefon:+49 2191 65371 verantwortlich f\u00fcr journalistisch-redaktionelle Inhalte gem\u00e4\u00df \u00a755 II RstV: Dr. Antje Benedix, Grenzwall 51 a, 42897 Remscheid Urheberrechte: Alle Rechte f\u00fcr Texte, &hellip; <a href=\"https:\/\/mingbumingbai.com\/?page_id=10\">Weiterlesen <span class=\"meta-nav\">&rarr;<\/span><\/a><\/p>\n","protected":false},"author":2,"featured_media":0,"parent":0,"menu_order":0,"comment_status":"closed","ping_status":"closed","template":"","meta":{"footnotes":""},"class_list":["post-10","page","type-page","status-publish","hentry"],"_links":{"self":[{"href":"https:\/\/mingbumingbai.com\/index.php?rest_route=\/wp\/v2\/pages\/10","targetHints":{"allow":["GET"]}}],"collection":[{"href":"https:\/\/mingbumingbai.com\/index.php?rest_route=\/wp\/v2\/pages"}],"about":[{"href":"https:\/\/mingbumingbai.com\/index.php?rest_route=\/wp\/v2\/types\/page"}],"author":[{"embeddable":true,"href":"https:\/\/mingbumingbai.com\/index.php?rest_route=\/wp\/v2\/users\/2"}],"replies":[{"embeddable":true,"href":"https:\/\/mingbumingbai.com\/index.php?rest_route=%2Fwp%2Fv2%2Fcomments&post=10"}],"version-history":[{"count":4,"href":"https:\/\/mingbumingbai.com\/index.php?rest_route=\/wp\/v2\/pages\/10\/revisions"}],"predecessor-version":[{"id":39,"href":"https:\/\/mingbumingbai.com\/index.php?rest_route=\/wp\/v2\/pages\/10\/revisions\/39"}],"wp:attachment":[{"href":"https:\/\/mingbumingbai.com\/index.php?rest_route=%2Fwp%2Fv2%2Fmedia&parent=10"}],"curies":[{"name":"wp","href":"https:\/\/api.w.org\/{rel}","templated":true}]}}