{"id":144,"date":"2021-01-30T18:28:38","date_gmt":"2021-01-30T17:28:38","guid":{"rendered":"http:\/\/mingbumingbai.com\/?page_id=144"},"modified":"2021-02-06T16:24:58","modified_gmt":"2021-02-06T15:24:58","slug":"%e5%85%ab%e5%8f%b7%e6%a5%bc-bahaolou","status":"publish","type":"page","link":"https:\/\/mingbumingbai.com\/?page_id=144","title":{"rendered":"\u516b\u53f7\u697c B\u0101h\u00e0ol\u00f3u"},"content":{"rendered":"\n<p>Hier entsteht eine interaktive Geschichte.<\/p>\n\n\n\n <script type=\"text\/javascript\">\nvar heightAdjustment = 112;\nvar autoscroll = 1;\nvar scrollAdjustment = 100;\nvar myIframeTop = null;\r\n\r\nwindow.addEventListener('message', function(e) {\r\n\r\n  \/\/var $iframe = jQuery(\"#my_iframe\");\r\n  var eventName = e.data[0];\r\n  var data = e.data[1];\r\n  switch(eventName) {\r\n    case 'setHeight':\r\n      \/\/$iframe.height(data);\r\n      fixData = data + heightAdjustment;\r\n      document.getElementById(\"my_iframe\").style.height = fixData + \"px\";\r\n      if(autoscroll){\r\n        window.scrollTo({\r\n          top: myIframeTop,\r\n          left: 0,\r\n          behavior: 'smooth'\r\n        });\r\n      }\r\n      break;\r\n  }\r\n}, false);\r\n\r\nfunction EmbedTwineCacheIframe(){\r\n    var myIframeEl = document.getElementById(\"my_iframe\");\r\n    var position = myIframeEl.getBoundingClientRect();\r\n    myIframeTop = position.top - scrollAdjustment;\r\n}\r\n\r\nsetTimeout(EmbedTwineCacheIframe, 50);\r\n\n<\/script>\n<div><iframe id=\"my_iframe\" src=\"\/wp-content\/uploads\/embed-twine\/Bahaolou1.html\" scrolling=\"yes\" width=\"100%\"><\/iframe><\/div>\n","protected":false},"excerpt":{"rendered":"<p>Hier entsteht eine interaktive Geschichte.<\/p>\n","protected":false},"author":2,"featured_media":0,"parent":0,"menu_order":0,"comment_status":"closed","ping_status":"closed","template":"","meta":{"footnotes":""},"class_list":["post-144","page","type-page","status-publish","hentry"],"_links":{"self":[{"href":"https:\/\/mingbumingbai.com\/index.php?rest_route=\/wp\/v2\/pages\/144","targetHints":{"allow":["GET"]}}],"collection":[{"href":"https:\/\/mingbumingbai.com\/index.php?rest_route=\/wp\/v2\/pages"}],"about":[{"href":"https:\/\/mingbumingbai.com\/index.php?rest_route=\/wp\/v2\/types\/page"}],"author":[{"embeddable":true,"href":"https:\/\/mingbumingbai.com\/index.php?rest_route=\/wp\/v2\/users\/2"}],"replies":[{"embeddable":true,"href":"https:\/\/mingbumingbai.com\/index.php?rest_route=%2Fwp%2Fv2%2Fcomments&post=144"}],"version-history":[{"count":3,"href":"https:\/\/mingbumingbai.com\/index.php?rest_route=\/wp\/v2\/pages\/144\/revisions"}],"predecessor-version":[{"id":153,"href":"https:\/\/mingbumingbai.com\/index.php?rest_route=\/wp\/v2\/pages\/144\/revisions\/153"}],"wp:attachment":[{"href":"https:\/\/mingbumingbai.com\/index.php?rest_route=%2Fwp%2Fv2%2Fmedia&parent=144"}],"curies":[{"name":"wp","href":"https:\/\/api.w.org\/{rel}","templated":true}]}}