{"id":157,"date":"2021-02-06T16:58:36","date_gmt":"2021-02-06T15:58:36","guid":{"rendered":"http:\/\/mingbumingbai.com\/?page_id=157"},"modified":"2021-02-06T16:58:37","modified_gmt":"2021-02-06T15:58:37","slug":"%e5%a4%a7%e5%ae%b6%e5%a5%bd%ef%bc%81","status":"publish","type":"page","link":"https:\/\/mingbumingbai.com\/","title":{"rendered":"\u5927\u5bb6\u597d\uff01"},"content":{"rendered":"\n<p>Diese Seite besch\u00e4ftigt sich mit der chinesischen Sprache und Kultur.<\/p>\n\n\n\n<p>Sie wendet sich besonders an Sch\u00fclerinnen und Sch\u00fcler an deutschen Schulen, die dort Chinesisch lernen (wollen), aber wahrscheinlich finden auch andere Interessierte ein paar n\u00fctzliche Informationen.<\/p>\n\n\n\n<p>Geplant sind<\/p>\n\n\n\n<ul class=\"wp-block-list\"><li>Beitr\u00e4ge zu sprachlichen Ph\u00e4nomenen, also so langweilige wie wichtige Themen wie &#8222;Satzbau&#8220;, &#8222;Wortschatz&#8220; und &#8222;Schriftzeichen&#8220;, aber auch<\/li><li>kleine Anleitungen zur Darstellung chinesischer Schrift auf dem Computer, Unterlegung mit der Lautschrift <em>Hanyu Pinyin<\/em>,<\/li><li>\u00dcbungen zu den Themen, die normalerweise im Unterricht behandelt werden<\/li><\/ul>\n\n\n\n<p>und wom\u00f6glich noch Einiges mehr.<\/p>\n","protected":false},"excerpt":{"rendered":"<p>Diese Seite besch\u00e4ftigt sich mit der chinesischen Sprache und Kultur. Sie wendet sich besonders an Sch\u00fclerinnen und Sch\u00fcler an deutschen Schulen, die dort Chinesisch lernen (wollen), aber wahrscheinlich finden auch andere Interessierte ein paar n\u00fctzliche Informationen. Geplant sind Beitr\u00e4ge zu &hellip; <a href=\"https:\/\/mingbumingbai.com\/\">Weiterlesen <span class=\"meta-nav\">&rarr;<\/span><\/a><\/p>\n","protected":false},"author":2,"featured_media":4,"parent":0,"menu_order":0,"comment_status":"closed","ping_status":"closed","template":"","meta":{"footnotes":""},"class_list":["post-157","page","type-page","status-publish","has-post-thumbnail","hentry"],"_links":{"self":[{"href":"https:\/\/mingbumingbai.com\/index.php?rest_route=\/wp\/v2\/pages\/157","targetHints":{"allow":["GET"]}}],"collection":[{"href":"https:\/\/mingbumingbai.com\/index.php?rest_route=\/wp\/v2\/pages"}],"about":[{"href":"https:\/\/mingbumingbai.com\/index.php?rest_route=\/wp\/v2\/types\/page"}],"author":[{"embeddable":true,"href":"https:\/\/mingbumingbai.com\/index.php?rest_route=\/wp\/v2\/users\/2"}],"replies":[{"embeddable":true,"href":"https:\/\/mingbumingbai.com\/index.php?rest_route=%2Fwp%2Fv2%2Fcomments&post=157"}],"version-history":[{"count":1,"href":"https:\/\/mingbumingbai.com\/index.php?rest_route=\/wp\/v2\/pages\/157\/revisions"}],"predecessor-version":[{"id":159,"href":"https:\/\/mingbumingbai.com\/index.php?rest_route=\/wp\/v2\/pages\/157\/revisions\/159"}],"wp:featuredmedia":[{"embeddable":true,"href":"https:\/\/mingbumingbai.com\/index.php?rest_route=\/wp\/v2\/media\/4"}],"wp:attachment":[{"href":"https:\/\/mingbumingbai.com\/index.php?rest_route=%2Fwp%2Fv2%2Fmedia&parent=157"}],"curies":[{"name":"wp","href":"https:\/\/api.w.org\/{rel}","templated":true}]}}